{"id":81,"date":"2018-10-22T21:44:22","date_gmt":"2018-10-22T19:44:22","guid":{"rendered":"http:\/\/wpshop.bezirkzwo.de\/?post_type=product&#038;p=81"},"modified":"2023-04-27T15:47:31","modified_gmt":"2023-04-27T13:47:31","slug":"b2tagshirt-grau","status":"publish","type":"product","link":"https:\/\/bezirkzwo.de\/shop\/produkt\/b2tagshirt-grau\/","title":{"rendered":"Bezirk Zwo Tag | Shirt Grau"},"content":{"rendered":"<p>Das offizielle Crew Shirt von Bezirk Zwo!<br \/>\nMit dem \u201eBezirk Zwo Tag\u201c exklusiv gestaltet von unserem Graffitik\u00fcnstler Biatsch One.<\/p>\n<p>Handgefertigter Siebdruck aus eigener Produktion.<br \/>\nQualitativ hochwertiger Stoff aus reiner Baumwolle.<\/p>\n<p>Materialinformation:<br \/>\n100% Baumwolle<br \/>\nGr\u00f6\u00dfe M entspricht einer ungef\u00e4hren Shirt-L\u00e4nge von 75,5 cm.<br \/>\nGewicht: grau: 197 g\/m\u00b2.<\/p>\n<p>Hinweis f\u00fcr die optimale Pflege:<br \/>\nPrint beim Waschen nach Innen drehen! Bis 40 Grad waschbar.<\/p>\n<p>Alle Preise zzgl. Mwst. und Versandkosten.<br \/>\nVersand sp\u00e4testens 3 \u2013 4 Werktage nach Zahlungseingang.<\/p>\n","protected":false},"excerpt":{"rendered":"<div>\n<div>\n<ul>\n<li>100% Baumwolle<\/li>\n<li>Premium Siebdruck<\/li>\n<li>Top Qualit\u00e4t<\/li>\n<li>Schwerer Stoff (197 g\/m\u00b2)<\/li>\n<li>Design by Biatsch One<\/li>\n<\/ul>\n<\/div>\n<\/div>\n","protected":false},"featured_media":636,"template":"","meta":[],"product_brand":[],"product_cat":[28],"product_tag":[32],"class_list":{"0":"post-81","1":"product","2":"type-product","3":"status-publish","4":"has-post-thumbnail","6":"product_cat-kleidung","7":"product_tag-b2","8":"product_shipping_class-paeckchen","10":"first","11":"outofstock","12":"taxable","13":"shipping-taxable","14":"purchasable","15":"product-type-variable"},"_links":{"self":[{"href":"https:\/\/bezirkzwo.de\/shop\/wp-json\/wp\/v2\/product\/81","targetHints":{"allow":["GET"]}}],"collection":[{"href":"https:\/\/bezirkzwo.de\/shop\/wp-json\/wp\/v2\/product"}],"about":[{"href":"https:\/\/bezirkzwo.de\/shop\/wp-json\/wp\/v2\/types\/product"}],"wp:featuredmedia":[{"embeddable":true,"href":"https:\/\/bezirkzwo.de\/shop\/wp-json\/wp\/v2\/media\/636"}],"wp:attachment":[{"href":"https:\/\/bezirkzwo.de\/shop\/wp-json\/wp\/v2\/media?parent=81"}],"wp:term":[{"taxonomy":"product_brand","embeddable":true,"href":"https:\/\/bezirkzwo.de\/shop\/wp-json\/wp\/v2\/product_brand?post=81"},{"taxonomy":"product_cat","embeddable":true,"href":"https:\/\/bezirkzwo.de\/shop\/wp-json\/wp\/v2\/product_cat?post=81"},{"taxonomy":"product_tag","embeddable":true,"href":"https:\/\/bezirkzwo.de\/shop\/wp-json\/wp\/v2\/product_tag?post=81"}],"curies":[{"name":"wp","href":"https:\/\/api.w.org\/{rel}","templated":true}]}}