{"id":521,"date":"2017-10-02T22:28:27","date_gmt":"2017-10-02T20:28:27","guid":{"rendered":"http:\/\/shop.bezirkzwo.de\/?post_type=product&#038;p=521"},"modified":"2018-10-23T20:16:09","modified_gmt":"2018-10-23T18:16:09","slug":"biatsch-one-green-style","status":"publish","type":"product","link":"https:\/\/bezirkzwo.de\/shop\/produkt\/biatsch-one-green-style\/","title":{"rendered":"Biatsch One | Print"},"content":{"rendered":"<p>Ist es eine Giftschlange? Nein! Ein weiteres digitales Meisterwerk von Biatsch One! Der \u201eGreen Style\u201c ist aggressiv und sticht ins Auge! Auch er wurde auf dem iPad Pro im Jahre 2017 erschaffen und danach als Print in geringer Auflage hergestellt. Der giftgr\u00fcne Style zeigt die k\u00fcnstlerische Weiterentwicklung seines schwungvollen Wild-Styles und geh\u00f6rt auf jeden Fall in jede gut sortierte Biatsch One Printsammlung! Sie haben hier die Chance sich ein Graffiti Artwork der ganz besonderen Art zu sichern. Der Print\u00a0wird in Versandtasche aus Vollpappe (nicht knickbar) versendet. Mehr Informationen \u00fcber Biatsch One erfahren Sie auf unserer Internetseite unter der Rubrik \u201e<a href=\"http:\/\/bezirkzwo.de\/artists\">K\u00fcnstler<\/a>\u201c.<\/p>\n<ul>\n<li>DIN A3 (420 x 297 mm) quer<\/li>\n<li>300 g\/m2 Papier (matt)<\/li>\n<li>Mit CO2-Ausgleich gedruckt<\/li>\n<li>Mit Signatur des K\u00fcnstlers<\/li>\n<\/ul>\n<p>Alle Preise zzgl. Mwst. und Versandkosten.<br \/>\nVersand sp\u00e4testens 3 \u2013 4 Werktage nach Zahlungseingang.<\/p>\n","protected":false},"excerpt":{"rendered":"<ul>\n<li>Premium A3-Print<\/li>\n<li>Geringe Auflage<\/li>\n<li>Handsigniert<\/li>\n<li>Made with IPad Pro<\/li>\n<li>Wild Style<\/li>\n<\/ul>\n","protected":false},"featured_media":487,"template":"","meta":[],"product_brand":[],"product_cat":[27],"product_tag":[],"class_list":{"0":"post-521","1":"product","2":"type-product","3":"status-publish","4":"has-post-thumbnail","6":"product_cat-kunst","7":"product_shipping_class-paket","9":"first","10":"instock","11":"taxable","12":"shipping-taxable","13":"purchasable","14":"product-type-simple"},"_links":{"self":[{"href":"https:\/\/bezirkzwo.de\/shop\/wp-json\/wp\/v2\/product\/521","targetHints":{"allow":["GET"]}}],"collection":[{"href":"https:\/\/bezirkzwo.de\/shop\/wp-json\/wp\/v2\/product"}],"about":[{"href":"https:\/\/bezirkzwo.de\/shop\/wp-json\/wp\/v2\/types\/product"}],"wp:featuredmedia":[{"embeddable":true,"href":"https:\/\/bezirkzwo.de\/shop\/wp-json\/wp\/v2\/media\/487"}],"wp:attachment":[{"href":"https:\/\/bezirkzwo.de\/shop\/wp-json\/wp\/v2\/media?parent=521"}],"wp:term":[{"taxonomy":"product_brand","embeddable":true,"href":"https:\/\/bezirkzwo.de\/shop\/wp-json\/wp\/v2\/product_brand?post=521"},{"taxonomy":"product_cat","embeddable":true,"href":"https:\/\/bezirkzwo.de\/shop\/wp-json\/wp\/v2\/product_cat?post=521"},{"taxonomy":"product_tag","embeddable":true,"href":"https:\/\/bezirkzwo.de\/shop\/wp-json\/wp\/v2\/product_tag?post=521"}],"curies":[{"name":"wp","href":"https:\/\/api.w.org\/{rel}","templated":true}]}}